{"id":3178,"date":"2023-05-02T12:17:27","date_gmt":"2023-05-02T10:17:27","guid":{"rendered":"https:\/\/www.comitebellecour.fr\/?post_type=cb_realisations&#038;p=3178"},"modified":"2023-05-17T11:30:45","modified_gmt":"2023-05-17T09:30:45","slug":"hotel-du-grand-controle-et-petit-controle-versailles-2021","status":"publish","type":"cb_realisations","link":"https:\/\/www.comitebellecour.fr\/en\/projects\/%cb_cat_realisations%\/hotel-du-grand-controle-et-petit-controle-versailles-2021\/","title":{"rendered":"HOTEL DU GRAND CONTR\u00d4LE ET PETIT CONTR\u00d4LE VERSAILLES (2021)"},"author":74,"featured_media":3092,"template":"","class_list":["post-3178","cb_realisations","type-cb_realisations","status-publish","has-post-thumbnail","hentry"],"acf":[],"yoast_head":"<!-- This site is optimized with the Yoast SEO plugin v27.5 - https:\/\/yoast.com\/product\/yoast-seo-wordpress\/ -->\n<title>HOTEL DU GRAND CONTR\u00d4LE ET PETIT CONTR\u00d4LE VERSAILLES (2021) - Comit\u00e9 Bellecour<\/title>\n<meta name=\"robots\" content=\"index, follow, max-snippet:-1, max-image-preview:large, max-video-preview:-1\" \/>\n<link rel=\"canonical\" href=\"https:\/\/www.comitebellecour.fr\/en\/projects\/%cb_cat_realisations%\/hotel-du-grand-controle-et-petit-controle-versailles-2021\/\" \/>\n<meta property=\"og:locale\" content=\"en_US\" \/>\n<meta property=\"og:type\" content=\"article\" \/>\n<meta property=\"og:title\" content=\"HOTEL DU GRAND CONTR\u00d4LE ET PETIT CONTR\u00d4LE VERSAILLES (2021) - Comit\u00e9 Bellecour\" \/>\n<meta property=\"og:description\" content=\"[...]Read More... from HOTEL DU GRAND CONTR\u00d4LE ET PETIT CONTR\u00d4LE VERSAILLES (2021)\" \/>\n<meta property=\"og:url\" content=\"https:\/\/www.comitebellecour.fr\/en\/projects\/%cb_cat_realisations%\/hotel-du-grand-controle-et-petit-controle-versailles-2021\/\" \/>\n<meta property=\"og:site_name\" content=\"Comit\u00e9 Bellecour\" \/>\n<meta property=\"article:modified_time\" content=\"2023-05-17T09:30:45+00:00\" \/>\n<meta property=\"og:image\" content=\"https:\/\/www.comitebellecour.fr\/wp-content\/uploads\/2023\/05\/Suite-Necker-Details-droit-dauteur-Samyra-Keita-scaled.jpg\" \/>\n\t<meta property=\"og:image:width\" content=\"1707\" \/>\n\t<meta property=\"og:image:height\" content=\"2560\" \/>\n\t<meta property=\"og:image:type\" content=\"image\/jpeg\" \/>\n<meta name=\"twitter:card\" content=\"summary_large_image\" \/>\n<script type=\"application\/ld+json\" class=\"yoast-schema-graph\">{\"@context\":\"https:\\\/\\\/schema.org\",\"@graph\":[{\"@type\":\"WebPage\",\"@id\":\"https:\\\/\\\/www.comitebellecour.fr\\\/en\\\/projects\\\/%cb_cat_realisations%\\\/hotel-du-grand-controle-et-petit-controle-versailles-2021\\\/\",\"url\":\"https:\\\/\\\/www.comitebellecour.fr\\\/en\\\/projects\\\/%cb_cat_realisations%\\\/hotel-du-grand-controle-et-petit-controle-versailles-2021\\\/\",\"name\":\"HOTEL DU GRAND CONTR\u00d4LE ET PETIT CONTR\u00d4LE VERSAILLES (2021) - Comit\u00e9 Bellecour\",\"isPartOf\":{\"@id\":\"https:\\\/\\\/www.comitebellecour.fr\\\/en\\\/#website\"},\"primaryImageOfPage\":{\"@id\":\"https:\\\/\\\/www.comitebellecour.fr\\\/en\\\/projects\\\/%cb_cat_realisations%\\\/hotel-du-grand-controle-et-petit-controle-versailles-2021\\\/#primaryimage\"},\"image\":{\"@id\":\"https:\\\/\\\/www.comitebellecour.fr\\\/en\\\/projects\\\/%cb_cat_realisations%\\\/hotel-du-grand-controle-et-petit-controle-versailles-2021\\\/#primaryimage\"},\"thumbnailUrl\":\"https:\\\/\\\/www.comitebellecour.fr\\\/wp-content\\\/uploads\\\/2023\\\/05\\\/Suite-Necker-Details-droit-dauteur-Samyra-Keita-scaled.jpg\",\"datePublished\":\"2023-05-02T10:17:27+00:00\",\"dateModified\":\"2023-05-17T09:30:45+00:00\",\"breadcrumb\":{\"@id\":\"https:\\\/\\\/www.comitebellecour.fr\\\/en\\\/projects\\\/%cb_cat_realisations%\\\/hotel-du-grand-controle-et-petit-controle-versailles-2021\\\/#breadcrumb\"},\"inLanguage\":\"en-US\",\"potentialAction\":[{\"@type\":\"ReadAction\",\"target\":[\"https:\\\/\\\/www.comitebellecour.fr\\\/en\\\/projects\\\/%cb_cat_realisations%\\\/hotel-du-grand-controle-et-petit-controle-versailles-2021\\\/\"]}]},{\"@type\":\"ImageObject\",\"inLanguage\":\"en-US\",\"@id\":\"https:\\\/\\\/www.comitebellecour.fr\\\/en\\\/projects\\\/%cb_cat_realisations%\\\/hotel-du-grand-controle-et-petit-controle-versailles-2021\\\/#primaryimage\",\"url\":\"https:\\\/\\\/www.comitebellecour.fr\\\/wp-content\\\/uploads\\\/2023\\\/05\\\/Suite-Necker-Details-droit-dauteur-Samyra-Keita-scaled.jpg\",\"contentUrl\":\"https:\\\/\\\/www.comitebellecour.fr\\\/wp-content\\\/uploads\\\/2023\\\/05\\\/Suite-Necker-Details-droit-dauteur-Samyra-Keita-scaled.jpg\",\"width\":1707,\"height\":2560},{\"@type\":\"BreadcrumbList\",\"@id\":\"https:\\\/\\\/www.comitebellecour.fr\\\/en\\\/projects\\\/%cb_cat_realisations%\\\/hotel-du-grand-controle-et-petit-controle-versailles-2021\\\/#breadcrumb\",\"itemListElement\":[{\"@type\":\"ListItem\",\"position\":1,\"name\":\"Accueil\",\"item\":\"https:\\\/\\\/www.comitebellecour.fr\\\/en\\\/homepage\\\/\"},{\"@type\":\"ListItem\",\"position\":2,\"name\":\"Projects\",\"item\":\"https:\\\/\\\/www.comitebellecour.fr\\\/en\\\/realisations\\\/\"},{\"@type\":\"ListItem\",\"position\":3,\"name\":\"HOTEL DU GRAND CONTR\u00d4LE ET PETIT CONTR\u00d4LE VERSAILLES (2021)\"}]},{\"@type\":\"WebSite\",\"@id\":\"https:\\\/\\\/www.comitebellecour.fr\\\/en\\\/#website\",\"url\":\"https:\\\/\\\/www.comitebellecour.fr\\\/en\\\/\",\"name\":\"Comit\u00e9 Bellecour\",\"description\":\"L&#039;art &amp; la mani\u00e8re\",\"publisher\":{\"@id\":\"https:\\\/\\\/www.comitebellecour.fr\\\/en\\\/#organization\"},\"potentialAction\":[{\"@type\":\"SearchAction\",\"target\":{\"@type\":\"EntryPoint\",\"urlTemplate\":\"https:\\\/\\\/www.comitebellecour.fr\\\/en\\\/?s={search_term_string}\"},\"query-input\":{\"@type\":\"PropertyValueSpecification\",\"valueRequired\":true,\"valueName\":\"search_term_string\"}}],\"inLanguage\":\"en-US\"},{\"@type\":\"Organization\",\"@id\":\"https:\\\/\\\/www.comitebellecour.fr\\\/en\\\/#organization\",\"name\":\"Comit\u00e9 Bellecour\",\"url\":\"https:\\\/\\\/www.comitebellecour.fr\\\/en\\\/\",\"logo\":{\"@type\":\"ImageObject\",\"inLanguage\":\"en-US\",\"@id\":\"https:\\\/\\\/www.comitebellecour.fr\\\/en\\\/#\\\/schema\\\/logo\\\/image\\\/\",\"url\":\"https:\\\/\\\/www.comitebellecour.fr\\\/wp-content\\\/uploads\\\/2022\\\/01\\\/Logo-Comite-Bellecour-secondary.png\",\"contentUrl\":\"https:\\\/\\\/www.comitebellecour.fr\\\/wp-content\\\/uploads\\\/2022\\\/01\\\/Logo-Comite-Bellecour-secondary.png\",\"width\":2345,\"height\":2667,\"caption\":\"Comit\u00e9 Bellecour\"},\"image\":{\"@id\":\"https:\\\/\\\/www.comitebellecour.fr\\\/en\\\/#\\\/schema\\\/logo\\\/image\\\/\"}}]}<\/script>\n<!-- \/ Yoast SEO plugin. -->","yoast_head_json":{"title":"HOTEL DU GRAND CONTR\u00d4LE ET PETIT CONTR\u00d4LE VERSAILLES (2021) - Comit\u00e9 Bellecour","robots":{"index":"index","follow":"follow","max-snippet":"max-snippet:-1","max-image-preview":"max-image-preview:large","max-video-preview":"max-video-preview:-1"},"canonical":"https:\/\/www.comitebellecour.fr\/en\/projects\/%cb_cat_realisations%\/hotel-du-grand-controle-et-petit-controle-versailles-2021\/","og_locale":"en_US","og_type":"article","og_title":"HOTEL DU GRAND CONTR\u00d4LE ET PETIT CONTR\u00d4LE VERSAILLES (2021) - Comit\u00e9 Bellecour","og_description":"[...]Read More... from HOTEL DU GRAND CONTR\u00d4LE ET PETIT CONTR\u00d4LE VERSAILLES (2021)","og_url":"https:\/\/www.comitebellecour.fr\/en\/projects\/%cb_cat_realisations%\/hotel-du-grand-controle-et-petit-controle-versailles-2021\/","og_site_name":"Comit\u00e9 Bellecour","article_modified_time":"2023-05-17T09:30:45+00:00","og_image":[{"width":1707,"height":2560,"url":"https:\/\/www.comitebellecour.fr\/wp-content\/uploads\/2023\/05\/Suite-Necker-Details-droit-dauteur-Samyra-Keita-scaled.jpg","type":"image\/jpeg"}],"twitter_card":"summary_large_image","schema":{"@context":"https:\/\/schema.org","@graph":[{"@type":"WebPage","@id":"https:\/\/www.comitebellecour.fr\/en\/projects\/%cb_cat_realisations%\/hotel-du-grand-controle-et-petit-controle-versailles-2021\/","url":"https:\/\/www.comitebellecour.fr\/en\/projects\/%cb_cat_realisations%\/hotel-du-grand-controle-et-petit-controle-versailles-2021\/","name":"HOTEL DU GRAND CONTR\u00d4LE ET PETIT CONTR\u00d4LE VERSAILLES (2021) - Comit\u00e9 Bellecour","isPartOf":{"@id":"https:\/\/www.comitebellecour.fr\/en\/#website"},"primaryImageOfPage":{"@id":"https:\/\/www.comitebellecour.fr\/en\/projects\/%cb_cat_realisations%\/hotel-du-grand-controle-et-petit-controle-versailles-2021\/#primaryimage"},"image":{"@id":"https:\/\/www.comitebellecour.fr\/en\/projects\/%cb_cat_realisations%\/hotel-du-grand-controle-et-petit-controle-versailles-2021\/#primaryimage"},"thumbnailUrl":"https:\/\/www.comitebellecour.fr\/wp-content\/uploads\/2023\/05\/Suite-Necker-Details-droit-dauteur-Samyra-Keita-scaled.jpg","datePublished":"2023-05-02T10:17:27+00:00","dateModified":"2023-05-17T09:30:45+00:00","breadcrumb":{"@id":"https:\/\/www.comitebellecour.fr\/en\/projects\/%cb_cat_realisations%\/hotel-du-grand-controle-et-petit-controle-versailles-2021\/#breadcrumb"},"inLanguage":"en-US","potentialAction":[{"@type":"ReadAction","target":["https:\/\/www.comitebellecour.fr\/en\/projects\/%cb_cat_realisations%\/hotel-du-grand-controle-et-petit-controle-versailles-2021\/"]}]},{"@type":"ImageObject","inLanguage":"en-US","@id":"https:\/\/www.comitebellecour.fr\/en\/projects\/%cb_cat_realisations%\/hotel-du-grand-controle-et-petit-controle-versailles-2021\/#primaryimage","url":"https:\/\/www.comitebellecour.fr\/wp-content\/uploads\/2023\/05\/Suite-Necker-Details-droit-dauteur-Samyra-Keita-scaled.jpg","contentUrl":"https:\/\/www.comitebellecour.fr\/wp-content\/uploads\/2023\/05\/Suite-Necker-Details-droit-dauteur-Samyra-Keita-scaled.jpg","width":1707,"height":2560},{"@type":"BreadcrumbList","@id":"https:\/\/www.comitebellecour.fr\/en\/projects\/%cb_cat_realisations%\/hotel-du-grand-controle-et-petit-controle-versailles-2021\/#breadcrumb","itemListElement":[{"@type":"ListItem","position":1,"name":"Accueil","item":"https:\/\/www.comitebellecour.fr\/en\/homepage\/"},{"@type":"ListItem","position":2,"name":"Projects","item":"https:\/\/www.comitebellecour.fr\/en\/realisations\/"},{"@type":"ListItem","position":3,"name":"HOTEL DU GRAND CONTR\u00d4LE ET PETIT CONTR\u00d4LE VERSAILLES (2021)"}]},{"@type":"WebSite","@id":"https:\/\/www.comitebellecour.fr\/en\/#website","url":"https:\/\/www.comitebellecour.fr\/en\/","name":"Comit\u00e9 Bellecour","description":"L&#039;art &amp; la mani\u00e8re","publisher":{"@id":"https:\/\/www.comitebellecour.fr\/en\/#organization"},"potentialAction":[{"@type":"SearchAction","target":{"@type":"EntryPoint","urlTemplate":"https:\/\/www.comitebellecour.fr\/en\/?s={search_term_string}"},"query-input":{"@type":"PropertyValueSpecification","valueRequired":true,"valueName":"search_term_string"}}],"inLanguage":"en-US"},{"@type":"Organization","@id":"https:\/\/www.comitebellecour.fr\/en\/#organization","name":"Comit\u00e9 Bellecour","url":"https:\/\/www.comitebellecour.fr\/en\/","logo":{"@type":"ImageObject","inLanguage":"en-US","@id":"https:\/\/www.comitebellecour.fr\/en\/#\/schema\/logo\/image\/","url":"https:\/\/www.comitebellecour.fr\/wp-content\/uploads\/2022\/01\/Logo-Comite-Bellecour-secondary.png","contentUrl":"https:\/\/www.comitebellecour.fr\/wp-content\/uploads\/2022\/01\/Logo-Comite-Bellecour-secondary.png","width":2345,"height":2667,"caption":"Comit\u00e9 Bellecour"},"image":{"@id":"https:\/\/www.comitebellecour.fr\/en\/#\/schema\/logo\/image\/"}}]}},"_links":{"self":[{"href":"https:\/\/www.comitebellecour.fr\/en\/wp-json\/wp\/v2\/cb_realisations\/3178","targetHints":{"allow":["GET"]}}],"collection":[{"href":"https:\/\/www.comitebellecour.fr\/en\/wp-json\/wp\/v2\/cb_realisations"}],"about":[{"href":"https:\/\/www.comitebellecour.fr\/en\/wp-json\/wp\/v2\/types\/cb_realisations"}],"author":[{"embeddable":true,"href":"https:\/\/www.comitebellecour.fr\/en\/wp-json\/wp\/v2\/users\/74"}],"wp:featuredmedia":[{"embeddable":true,"href":"https:\/\/www.comitebellecour.fr\/en\/wp-json\/wp\/v2\/media\/3092"}],"wp:attachment":[{"href":"https:\/\/www.comitebellecour.fr\/en\/wp-json\/wp\/v2\/media?parent=3178"}],"curies":[{"name":"wp","href":"https:\/\/api.w.org\/{rel}","templated":true}]}}

HOTEL DU GRAND CONTRÔLE ET PETIT CONTRÔLE VERSAILLES (2021)

<!-- This site is optimized with the Yoast SEO plugin v27.5 - https://yoast.com/product/yoast-seo-wordpress/ -->
<title>HOTEL DU GRAND CONTRÔLE ET PETIT CONTRÔLE VERSAILLES (2021) - Comité Bellecour</title>
<meta name="robots" content="index, follow, max-snippet:-1, max-image-preview:large, max-video-preview:-1" />
<link rel="canonical" href="https://www.comitebellecour.fr/en/projects/%cb_cat_realisations%/hotel-du-grand-controle-et-petit-controle-versailles-2021/" />
<meta property="og:locale" content="en_US" />
<meta property="og:type" content="article" />
<meta property="og:title" content="HOTEL DU GRAND CONTRÔLE ET PETIT CONTRÔLE VERSAILLES (2021) - Comité Bellecour" />
<meta property="og:description" content="[...]Read More... from HOTEL DU GRAND CONTRÔLE ET PETIT CONTRÔLE VERSAILLES (2021)" />
<meta property="og:url" content="https://www.comitebellecour.fr/en/projects/%cb_cat_realisations%/hotel-du-grand-controle-et-petit-controle-versailles-2021/" />
<meta property="og:site_name" content="Comité Bellecour" />
<meta property="article:modified_time" content="2023-05-17T09:30:45+00:00" />
<meta property="og:image" content="https://www.comitebellecour.fr/wp-content/uploads/2023/05/Suite-Necker-Details-droit-dauteur-Samyra-Keita-scaled.jpg" />
	<meta property="og:image:width" content="1707" />
	<meta property="og:image:height" content="2560" />
	<meta property="og:image:type" content="image/jpeg" />
<meta name="twitter:card" content="summary_large_image" />
<script type="application/ld+json" class="yoast-schema-graph">{"@context":"https:\/\/schema.org","@graph":[{"@type":"WebPage","@id":"https:\/\/www.comitebellecour.fr\/en\/projects\/%cb_cat_realisations%\/hotel-du-grand-controle-et-petit-controle-versailles-2021\/","url":"https:\/\/www.comitebellecour.fr\/en\/projects\/%cb_cat_realisations%\/hotel-du-grand-controle-et-petit-controle-versailles-2021\/","name":"HOTEL DU GRAND CONTRÔLE ET PETIT CONTRÔLE VERSAILLES (2021) - Comité Bellecour","isPartOf":{"@id":"https:\/\/www.comitebellecour.fr\/en\/#website"},"primaryImageOfPage":{"@id":"https:\/\/www.comitebellecour.fr\/en\/projects\/%cb_cat_realisations%\/hotel-du-grand-controle-et-petit-controle-versailles-2021\/#primaryimage"},"image":{"@id":"https:\/\/www.comitebellecour.fr\/en\/projects\/%cb_cat_realisations%\/hotel-du-grand-controle-et-petit-controle-versailles-2021\/#primaryimage"},"thumbnailUrl":"https:\/\/www.comitebellecour.fr\/wp-content\/uploads\/2023\/05\/Suite-Necker-Details-droit-dauteur-Samyra-Keita-scaled.jpg","datePublished":"2023-05-02T10:17:27+00:00","dateModified":"2023-05-17T09:30:45+00:00","breadcrumb":{"@id":"https:\/\/www.comitebellecour.fr\/en\/projects\/%cb_cat_realisations%\/hotel-du-grand-controle-et-petit-controle-versailles-2021\/#breadcrumb"},"inLanguage":"en-US","potentialAction":[{"@type":"ReadAction","target":["https:\/\/www.comitebellecour.fr\/en\/projects\/%cb_cat_realisations%\/hotel-du-grand-controle-et-petit-controle-versailles-2021\/"]}]},{"@type":"ImageObject","inLanguage":"en-US","@id":"https:\/\/www.comitebellecour.fr\/en\/projects\/%cb_cat_realisations%\/hotel-du-grand-controle-et-petit-controle-versailles-2021\/#primaryimage","url":"https:\/\/www.comitebellecour.fr\/wp-content\/uploads\/2023\/05\/Suite-Necker-Details-droit-dauteur-Samyra-Keita-scaled.jpg","contentUrl":"https:\/\/www.comitebellecour.fr\/wp-content\/uploads\/2023\/05\/Suite-Necker-Details-droit-dauteur-Samyra-Keita-scaled.jpg","width":1707,"height":2560},{"@type":"BreadcrumbList","@id":"https:\/\/www.comitebellecour.fr\/en\/projects\/%cb_cat_realisations%\/hotel-du-grand-controle-et-petit-controle-versailles-2021\/#breadcrumb","itemListElement":[{"@type":"ListItem","position":1,"name":"Accueil","item":"https:\/\/www.comitebellecour.fr\/en\/homepage\/"},{"@type":"ListItem","position":2,"name":"Projects","item":"https:\/\/www.comitebellecour.fr\/en\/realisations\/"},{"@type":"ListItem","position":3,"name":"HOTEL DU GRAND CONTRÔLE ET PETIT CONTRÔLE VERSAILLES (2021)"}]},{"@type":"WebSite","@id":"https:\/\/www.comitebellecour.fr\/en\/#website","url":"https:\/\/www.comitebellecour.fr\/en\/","name":"Comité Bellecour","description":"L&#039;art &amp; la manière","publisher":{"@id":"https:\/\/www.comitebellecour.fr\/en\/#organization"},"potentialAction":[{"@type":"SearchAction","target":{"@type":"EntryPoint","urlTemplate":"https:\/\/www.comitebellecour.fr\/en\/?s={search_term_string}"},"query-input":{"@type":"PropertyValueSpecification","valueRequired":true,"valueName":"search_term_string"}}],"inLanguage":"en-US"},{"@type":"Organization","@id":"https:\/\/www.comitebellecour.fr\/en\/#organization","name":"Comité Bellecour","url":"https:\/\/www.comitebellecour.fr\/en\/","logo":{"@type":"ImageObject","inLanguage":"en-US","@id":"https:\/\/www.comitebellecour.fr\/en\/#\/schema\/logo\/image\/","url":"https:\/\/www.comitebellecour.fr\/wp-content\/uploads\/2022\/01\/Logo-Comite-Bellecour-secondary.png","contentUrl":"https:\/\/www.comitebellecour.fr\/wp-content\/uploads\/2022\/01\/Logo-Comite-Bellecour-secondary.png","width":2345,"height":2667,"caption":"Comité Bellecour"},"image":{"@id":"https:\/\/www.comitebellecour.fr\/en\/#\/schema\/logo\/image\/"}}]}</script>
<!-- / Yoast SEO plugin. -->

HOTEL DU GRAND CONTRÔLE ET PETIT CONTRÔLE VERSAILLES (2021) - Comité Bellecour

[...]Read More... from HOTEL DU GRAND CONTRÔLE ET PETIT CONTRÔLE VERSAILLES (2021)

Comité Bellecour

L&#039;art &amp; la manière
